
29
Calculate the remainder when 283183835 is divided by 47.
46
Calculate the remainder when 29988 is divided by 9882.
342
Calculate the remainder when 727848 is divided by 24250.
348
What is the remainder when 6565518 is divided by 2754?
2736
Calculate the remainder when 27919417 is divided by 92.
85
What is the remainder when 55319 is divided by 10974?
449
What is the remainder when 3463634 is divided by 8531?
48
What is the remainder when 38627793 is divided by 13?
9
What is the remainder when 283544 is divided by 4?
0
Calculate the remainder when 430693 is divided by 430237.
456
What is the remainder when 25581992 is divided by 522081?
23
What is the remainder when 420333 is divided by 70048?
45
Calculate the remainder when 167596 is divided by 33440.
396
Calculate the remainder when 129922926 is divided by 33.
12
Calculate the remainder when 5763 is divided by 988.
823
Calculate the remainder when 109546 is divided by 18088.
1018
What is the remainder when 1025569 is divided by 512448?
673
Calculate the remainder when 1126316 is divided by 1126287.
29
Calculate the remainder when 251938 is divided by 12595.
38
Calculate the remainder when 183508 is divided by 388.
372
What is the remainder when 59160 is divided by 29492?
176
Calculate the remainder when 3174812 is divided by 121.
14
Calculate the remainder when 15832906 is divided by 81.
79
What is the remainder when 3198794 is divided by 898?
118
Calculate the remainder when 1709895 is divided by 1709874.
21
Calculate the remainder when 5763346 is divided by 218.
80
What is the remainder when 3168751 is divided by 660?
91
What is the remainder when 30025173 is divided by 732?
729
Calculate the remainder when 7813609 is divided by 34727.
34
Calculate the remainder when 1015939 is divided by 5347.
9
What is the remainder when 221068 is divided by 4910?
118
Calculate the remainder when 8449942 is divided by 457.
12
What is the remainder when 264620946 is divided by 72?
66
Calculate the remainder when 54017 is divided by 30.
17
What is the remainder when 9436810 is divided by 2160?
1930
What is the remainder when 104682 is divided by 6541?
26
Calculate the remainder when 3961257 is divided by 1980356.
545
Calculate the remainder when 159235 is divided by 3730.
2575
What is the remainder when 13083 is divided by 668?
391
Calculate the remainder when 1562928 is divided by 1140.
1128
Calculate the remainder when 19989287 is divided by 295.
87
What is the remainder when 491569 is divided by 118?
99
Calculate the remainder when 120541 is divided by 17218.
15
Calculate the remainder when 175946 is divided by 8681.
2326
What is the remainder when 102421 is divided by 4180?
2101
What is the remainder when 26270063 is divided by 322?
15
Calculate the remainder when 760426 is divided by 25347.
16
Calculate the remainder when 260457 is divided by 927.
897
What is the remainder when 134063 is divided by 419?
402
What is the remainder when 96725511 is divided by 1465538?
3
Calculate the remainder when 211511 is divided by 819.
209
What is the remainder when 123723220 is divided by 73209?
10
What is the remainder when 3037799 is divided by 12?
11
What is the remainder when 400484 is divided by 11440?
84
What is the remainder when 3423423 is divided by 1192?
1191
What is the remainder when 210939 is divided by 5313?
3732
Calculate the remainder when 2384121 is divided by 3235.
3161
Calculate the remainder when 5509338 is divided by 22.
10
Calculate the remainder when 308295 is divided by 308248.
47
Calculate the remainder when 4030331 is divided by 1184.
1179
What is the remainder when 76108 is divided by 377?
331
Calculate the remainder when 773384 is divided by 773363.
21
What is the remainder when 406623 is divided by 98927?
10915
Calculate the remainder when 914288 is divided by 76.
8
What is the remainder when 3872591 is divided by 2638?
7
What is the remainder when 183183370 is divided by 70051?
5
Calculate the remainder when 6020659 is divided by 31.
25
What is the remainder when 258661 is divided by 86177?
130
What is the remainder when 57369354 is divided by 6555?
6549
Calculate the remainder when 15480 is divided by 627.
432
What is the remainder when 3398416 is divided by 8289?
8215
Calculate the remainder when 31403 is divided by 6054.
1133
Calculate the remainder when 45169991 is divided by 11.
9
Calculate the remainder when 2609032 is divided by 22886.
28
What is the remainder when 1832359 is divided by 508?
3
Calculate the remainder when 338572 is divided by 23800.
5372
Calculate the remainder when 111292 is divided by 88.
60
What is the remainder when 209604 is divided by 41870?
254
Calculate the remainder when 36775 is divided by 695.
635
What is the remainder when 934521 is divided by 6722?
163
Calculate the remainder when 200617 is divided by 10003.
557
Calculate the remainder when 36037313 is divided by 1900.
13
Calculate the remainder when 1139994 is divided by 17537.
89
What is the remainder when 11260343 is divided by 100?
43
Calculate the remainder when 7880 is divided by 3264.
1352
What is the remainder when 1402860 is divided by 239?
169
What is the remainder when 116242 is divided by 38740?
22
What is the remainder when 422404 is divided by 52797?
28
Calculate the remainder when 6311753 is divided by 654.
653
What is the remainder when 2115838 is divided by 111314?
872
Calculate the remainder when 9697877 is divided by 251.
241
Calculate the remainder when 4578331 is divided by 18.
13
Calculate the remainder when 136907397 is divided by 2590.
2587
What is the remainder when 624520 is divided by 604?
588
What is the remainder when 18374848 is divided by 241?
44
Calculate the remainder when 23370792 is divided by 202.
200
What is the remainder when 5341416 is divided by 14?
10
What is the remainder when 15284039 is divided by 3897?
5
What is the remainder when 875296 is divided by 67?
8
Calculate the remainder when 1424645 is divided by 873.
782
What is the remainder when 20314124 is divided by 195?
194
Calculate the remainder when 647285 is divided by 423.
95
What is the remainder when 32433 is divided by 9918?
2679
What is the remainder when 566223 is divided by 196?
175
What is the remainder when 210945 is divided by 151?
149
What is the remainder when 872138 is divided by 1836?
38
Calculate the remainder when 154230 is divided by 30791.
275
What is the remainder when 40485 is divided by 1305?
30
What is the remainder when 1619035 is divided by 404728?
123
What is the remainder when 393422 is divided by 60?
2
Calculate the remainder when 575722 is divided by 31.
21
Calculate the remainder when 7538817 is divided by 4.
1
What is the remainder when 7595261 is divided by 31001?
16
What is the remainder when 324481 is divided by 10815?
31
Calculate the remainder when 90067856 is divided by 7505654.
8
What is the remainder when 612197 is divided by 204053?
38
What is the remainder when 30461749 is divided by 267?
253
Calculate the remainder when 763071 is divided by 78.
75
What is the remainder when 384097 is divided by 12284?
3293
What is the remainder when 1431906 is divided by 38697?
117
What is the remainder when 15935525 is divided by 3187104?
5
What is the remainder when 194744 is divided by 97338?
68
Calculate the remainder when 80458 is divided by 1318.
60
Calculate the remainder when 1359821 is divided by 30.
11
What is the remainder when 59752 is divided by 1456?
56
Calculate the remainder when 38283 is divided by 5870.
3063
Calculate the remainder when 135013 is divided by 364.
333
Calculate the remainder when 13647249 is divided by 884.
57
What is the remainder when 59712 is divided by 1005?
417
What is the remainder when 966121 is divided by 64408?
1
What is the remainder when 63301914 is divided by 132?
126
Calculate the remainder when 1634138 is divided by 2982.
2
Calculate the remainder when 69301 is divided by 2768.
101
What is the remainder when 44935119 is divided by 4974?
3
Calculate the remainder when 62954030 is divided by 15774.
15770
What is the remainder when 112323 is divided by 5858?
1021
Calculate the remainder when 33044 is divided by 471.
74
What is the remainder when 59883171 is divided by 3905?
3901
Calculate the remainder when 12684638 is divided